Last updated on 2020-08-07 01:49:33 CEST.
| Flavor | Version | Tinstall | Tcheck | Ttotal | Status | Flags | 
|---|---|---|---|---|---|---|
| r-devel-linux-x86_64-debian-clang | 1.0.2 | 5.26 | 84.47 | 89.73 | OK | |
| r-devel-linux-x86_64-debian-gcc | 1.0.2 | 4.28 | 64.24 | 68.52 | OK | |
| r-devel-linux-x86_64-fedora-clang | 1.0.2 | 114.36 | OK | |||
| r-devel-linux-x86_64-fedora-gcc | 1.0.2 | 107.63 | OK | |||
| r-devel-windows-ix86+x86_64 | 1.0.2 | 23.00 | 106.00 | 129.00 | OK | |
| r-patched-linux-x86_64 | 1.0.2 | 4.84 | 82.62 | 87.46 | OK | |
| r-patched-solaris-x86 | 1.0.2 | 165.20 | OK | |||
| r-release-linux-x86_64 | 1.0.2 | 4.87 | 81.57 | 86.44 | OK | |
| r-release-macos-x86_64 | 1.0.2 | OK | ||||
| r-release-windows-ix86+x86_64 | 1.0.2 | 20.00 | 90.00 | 110.00 | OK | |
| r-oldrel-macos-x86_64 | 1.0.2 | ERROR | ||||
| r-oldrel-windows-ix86+x86_64 | 1.0.2 | 9.00 | 93.00 | 102.00 | OK | 
Version: 1.0.2
Check: package dependencies
Result: NOTE
    Package suggested but not available for checking: ‘EmpiricalBrownsMethod’
Flavor: r-oldrel-macos-x86_64
Version: 1.0.2
Check: tests
Result: ERROR
      Running ‘testthat.R’ [18s/8s]
    Running the tests in ‘tests/testthat.R’ failed.
    Last 13 lines of output:
        6. EmpiricalBrownsMethod::empiricalBrownsMethod
        7. base::getExportedValue(pkg, name)
        8. base::asNamespace(ns)
        9. base::getNamespace(ns)
       10. base::loadNamespace(name)
       11. base::withRestarts(stop(cond), retry_loadNamespace = function() NULL)
       12. base:::withOneRestart(expr, restarts[[1L]])
       13. base:::doWithOneRestart(return(expr), restart)
      
      ══ testthat results  ═══════════════════════════════════════════════════════════
      [ OK: 71 | SKIPPED: 0 | WARNINGS: 0 | FAILED: 1 ]
      1. Error: Merged p-values are correct (@test_merge_p_values.r#43) 
      
      Error: testthat unit tests failed
      Execution halted
Flavor: r-oldrel-macos-x86_64