Last updated on 2020-08-07 01:49:34 CEST.
Flavor | Version | Tinstall | Tcheck | Ttotal | Status | Flags |
---|---|---|---|---|---|---|
r-devel-linux-x86_64-debian-clang | 1.11.189 | 4.63 | 25.09 | 29.72 | OK | |
r-devel-linux-x86_64-debian-gcc | 1.11.189 | 3.76 | 19.29 | 23.05 | OK | |
r-devel-linux-x86_64-fedora-clang | 1.11.189 | 45.51 | NOTE | |||
r-devel-linux-x86_64-fedora-gcc | 1.11.189 | 38.68 | OK | |||
r-devel-windows-ix86+x86_64 | 1.11.189 | 29.00 | 45.00 | 74.00 | NOTE | |
r-patched-linux-x86_64 | 1.11.189 | 4.59 | 24.61 | 29.20 | OK | |
r-patched-solaris-x86 | 1.11.189 | 53.70 | NOTE | |||
r-release-linux-x86_64 | 1.11.189 | 4.44 | 25.05 | 29.49 | OK | |
r-release-macos-x86_64 | 1.11.189 | NOTE | ||||
r-release-windows-ix86+x86_64 | 1.11.189 | 25.00 | 42.00 | 67.00 | NOTE | |
r-oldrel-macos-x86_64 | 1.11.189 | NOTE | ||||
r-oldrel-windows-ix86+x86_64 | 1.11.189 | 23.00 | 38.00 | 61.00 | NOTE |
Version: 1.11.189
Check: installed package size
Result: NOTE
installed size is 67.2Mb
sub-directories of 1Mb or more:
java 67.2Mb
Flavors: r-devel-linux-x86_64-fedora-clang, r-devel-windows-ix86+x86_64, r-patched-solaris-x86, r-release-macos-x86_64, r-release-windows-ix86+x86_64, r-oldrel-macos-x86_64, r-oldrel-windows-ix86+x86_64